{"id":40,"date":"2024-10-18T08:32:44","date_gmt":"2024-10-18T06:32:44","guid":{"rendered":"https:\/\/meylan-cyclo.fr\/?page_id=40"},"modified":"2026-02-12T09:07:29","modified_gmt":"2026-02-12T08:07:29","slug":"page-daccueil","status":"publish","type":"page","link":"https:\/\/meylan-cyclo.fr\/","title":{"rendered":"Meylan Cyclo"},"content":{"rendered":"\n<figure class=\"wp-block-pullquote has-text-align-center has-background\" style=\"background:radial-gradient(#B1C5A4 0%,#F9F9F9 100%);margin-top:0;margin-right:0;margin-bottom:0;margin-left:0;padding-top:0;padding-right:0;padding-bottom:0;padding-left:0\"><blockquote><p>Tout savoir sur notre club <br>en consultant notre <a href=\"https:\/\/meylan-cyclo.fr\/resources\/docs\/Flyer_pr%C3%A9sentation_du_club_VF1.pdf\">flyer<\/a> et notre <a href=\"https:\/\/calendar.google.com\/calendar\/u\/0\/embed?src=commeylancyclo@gmail.com&amp;ctz=Europe\/Paris&amp;mode=MONTH\" data-type=\"link\" data-id=\"https:\/\/calendar.google.com\/calendar\/u\/0\/embed?src=commeylancyclo@gmail.com&amp;ctz=Europe\/Paris&amp;mode=MONTH\" target=\"_blank\" rel=\"noreferrer noopener\">agenda <\/a><\/p><\/blockquote><\/figure>\n\n\n\n<p><strong>Les derni\u00e8res nouvelles de la vie du club<\/strong> :<\/p>\n\n\n<ul class=\"wp-block-latest-posts__list is-grid columns-3 wp-block-latest-posts\"><li><div class=\"wp-block-latest-posts__featured-image\"><a href=\"https:\/\/meylan-cyclo.fr\/index.php\/2026\/02\/27\/mc-dans-la-revue-meylan-ma-ville\/\" aria-label=\"MC dans la revue Meylan ma ville\"><img loading=\"lazy\" decoding=\"async\" width=\"300\" height=\"214\" src=\"https:\/\/meylan-cyclo.fr\/wp-content\/uploads\/2026\/02\/Article-MC-dans-journal-de-Meylan-mars-2026-300x214.jpg\" class=\"attachment-medium size-medium wp-post-image\" alt=\"\" style=\"\" srcset=\"https:\/\/meylan-cyclo.fr\/wp-content\/uploads\/2026\/02\/Article-MC-dans-journal-de-Meylan-mars-2026-300x214.jpg 300w, https:\/\/meylan-cyclo.fr\/wp-content\/uploads\/2026\/02\/Article-MC-dans-journal-de-Meylan-mars-2026-1024x729.jpg 1024w, https:\/\/meylan-cyclo.fr\/wp-content\/uploads\/2026\/02\/Article-MC-dans-journal-de-Meylan-mars-2026-768x547.jpg 768w, https:\/\/meylan-cyclo.fr\/wp-content\/uploads\/2026\/02\/Article-MC-dans-journal-de-Meylan-mars-2026.jpg 1308w\" sizes=\"auto, (max-width: 300px) 100vw, 300px\" \/><\/a><\/div><a class=\"wp-block-latest-posts__post-title\" href=\"https:\/\/meylan-cyclo.fr\/index.php\/2026\/02\/27\/mc-dans-la-revue-meylan-ma-ville\/\">MC dans la revue Meylan ma ville<\/a><\/li>\n<li><div class=\"wp-block-latest-posts__featured-image\"><a href=\"https:\/\/meylan-cyclo.fr\/index.php\/2025\/10\/13\/reussite-de-la-randonnee-meylan-chartreuse-2025\/\" aria-label=\"R\u00e9ussite de la Randonn\u00e9e Meylan Chartreuse 2025\"><img loading=\"lazy\" decoding=\"async\" width=\"300\" height=\"225\" src=\"https:\/\/meylan-cyclo.fr\/wp-content\/uploads\/2025\/10\/RMC-2025-repas-a-larrivee-20251004_133017-300x225.jpg\" class=\"attachment-medium size-medium wp-post-image\" alt=\"\" style=\"\" srcset=\"https:\/\/meylan-cyclo.fr\/wp-content\/uploads\/2025\/10\/RMC-2025-repas-a-larrivee-20251004_133017-300x225.jpg 300w, https:\/\/meylan-cyclo.fr\/wp-content\/uploads\/2025\/10\/RMC-2025-repas-a-larrivee-20251004_133017-1024x768.jpg 1024w, https:\/\/meylan-cyclo.fr\/wp-content\/uploads\/2025\/10\/RMC-2025-repas-a-larrivee-20251004_133017-768x576.jpg 768w, https:\/\/meylan-cyclo.fr\/wp-content\/uploads\/2025\/10\/RMC-2025-repas-a-larrivee-20251004_133017-1536x1152.jpg 1536w, https:\/\/meylan-cyclo.fr\/wp-content\/uploads\/2025\/10\/RMC-2025-repas-a-larrivee-20251004_133017-2048x1536.jpg 2048w\" sizes=\"auto, (max-width: 300px) 100vw, 300px\" \/><\/a><\/div><a class=\"wp-block-latest-posts__post-title\" href=\"https:\/\/meylan-cyclo.fr\/index.php\/2025\/10\/13\/reussite-de-la-randonnee-meylan-chartreuse-2025\/\">R\u00e9ussite de la Randonn\u00e9e Meylan Chartreuse 2025<\/a><\/li>\n<li><div class=\"wp-block-latest-posts__featured-image\"><a href=\"https:\/\/meylan-cyclo.fr\/index.php\/2025\/04\/10\/sejour-en-perigord\/\" aria-label=\"S\u00e9jour de mai en P\u00e9rigord \u00e0 Combas\"><img loading=\"lazy\" decoding=\"async\" width=\"300\" height=\"169\" src=\"https:\/\/meylan-cyclo.fr\/wp-content\/uploads\/2025\/04\/Combas-village-de-gites-e1744297367485-300x169.jpg\" class=\"attachment-medium size-medium wp-post-image\" alt=\"\" style=\"\" srcset=\"https:\/\/meylan-cyclo.fr\/wp-content\/uploads\/2025\/04\/Combas-village-de-gites-e1744297367485-300x169.jpg 300w, https:\/\/meylan-cyclo.fr\/wp-content\/uploads\/2025\/04\/Combas-village-de-gites-e1744297367485-1024x577.jpg 1024w, https:\/\/meylan-cyclo.fr\/wp-content\/uploads\/2025\/04\/Combas-village-de-gites-e1744297367485-768x433.jpg 768w, https:\/\/meylan-cyclo.fr\/wp-content\/uploads\/2025\/04\/Combas-village-de-gites-e1744297367485.jpg 1200w\" sizes=\"auto, (max-width: 300px) 100vw, 300px\" \/><\/a><\/div><a class=\"wp-block-latest-posts__post-title\" href=\"https:\/\/meylan-cyclo.fr\/index.php\/2025\/04\/10\/sejour-en-perigord\/\">S\u00e9jour de mai en P\u00e9rigord \u00e0 Combas<\/a><\/li>\n<\/ul>\n\n\n<p class=\"has-text-align-left\"><strong>Les deux \u00e9v\u00e8nements majeurs du club :<\/strong><\/p>\n\n\n\n<p><\/p>\n\n\n\n<div class=\"wp-block-group is-layout-grid wp-container-core-group-is-layout-4564e253 wp-block-group-is-layout-grid\" style=\"margin-top:0;margin-bottom:0;padding-top:0;padding-right:0;padding-bottom:0;padding-left:0\">\n<p class=\"has-text-align-center\" style=\"border-width:1px\"><strong><a href=\"https:\/\/meylan-cyclo.fr\/index.php\/organisations-par-meylan-cyclo\/bourse-aux-velos\/\" data-type=\"page\" data-id=\"131\">Bourse-aux-v\u00e9los<\/a><\/strong><\/p>\n\n\n\n<p class=\"has-text-align-center\" style=\"border-width:1px\"><strong><a href=\"https:\/\/meylan-cyclo.fr\/index.php\/organisations-par-meylan-cyclo\/randonnee-meylan-cyclo\/\" data-type=\"page\" data-id=\"121\">Randonn\u00e9e Meylan Chartreuse<\/a><\/strong><\/p>\n<\/div>\n\n\n\n<div class=\"wp-block-group is-layout-grid wp-container-core-group-is-layout-ac9b42e7 wp-block-group-is-layout-grid\">\n<figure class=\"wp-block-image size-large alignnone is-style-rounded wp-container-content-5e2576f9 is-style-rounded--1\"><a href=\"https:\/\/meylan-cyclo.fr\/index.php\/organisations-par-meylan-cyclo\/bourse-aux-velos\/\"><img loading=\"lazy\" decoding=\"async\" width=\"1024\" height=\"576\" src=\"https:\/\/meylan-cyclo.fr\/wp-content\/uploads\/2025\/04\/Bourse_Velos_2025_Photo_341_velos-1024x576.jpg\" alt=\"\" class=\"wp-image-1221\" style=\"aspect-ratio:16\/9;object-fit:cover\" srcset=\"https:\/\/meylan-cyclo.fr\/wp-content\/uploads\/2025\/04\/Bourse_Velos_2025_Photo_341_velos-1024x576.jpg 1024w, https:\/\/meylan-cyclo.fr\/wp-content\/uploads\/2025\/04\/Bourse_Velos_2025_Photo_341_velos-300x169.jpg 300w, https:\/\/meylan-cyclo.fr\/wp-content\/uploads\/2025\/04\/Bourse_Velos_2025_Photo_341_velos-768x432.jpg 768w, https:\/\/meylan-cyclo.fr\/wp-content\/uploads\/2025\/04\/Bourse_Velos_2025_Photo_341_velos-1536x864.jpg 1536w, https:\/\/meylan-cyclo.fr\/wp-content\/uploads\/2025\/04\/Bourse_Velos_2025_Photo_341_velos-2048x1152.jpg 2048w\" sizes=\"auto, (max-width: 1024px) 100vw, 1024px\" \/><\/a><\/figure>\n\n\n\n<figure class=\"wp-block-image is-style-rounded is-style-rounded--2\"><a href=\"https:\/\/meylan-cyclo.fr\/index.php\/organisations-par-meylan-cyclo\/randonnee-meylan-cyclo\/\"><img loading=\"lazy\" decoding=\"async\" width=\"2333\" height=\"1160\" src=\"https:\/\/meylan-cyclo.fr\/wp-content\/uploads\/2024\/10\/20230323_160857-scaled-e1732653998107.jpg\" alt=\"\" class=\"wp-image-86\" style=\"aspect-ratio:16\/9;object-fit:cover\" srcset=\"https:\/\/meylan-cyclo.fr\/wp-content\/uploads\/2024\/10\/20230323_160857-scaled-e1732653998107.jpg 2333w, https:\/\/meylan-cyclo.fr\/wp-content\/uploads\/2024\/10\/20230323_160857-scaled-e1732653998107-300x149.jpg 300w, https:\/\/meylan-cyclo.fr\/wp-content\/uploads\/2024\/10\/20230323_160857-scaled-e1732653998107-1024x509.jpg 1024w, https:\/\/meylan-cyclo.fr\/wp-content\/uploads\/2024\/10\/20230323_160857-scaled-e1732653998107-768x382.jpg 768w, https:\/\/meylan-cyclo.fr\/wp-content\/uploads\/2024\/10\/20230323_160857-scaled-e1732653998107-1536x764.jpg 1536w, https:\/\/meylan-cyclo.fr\/wp-content\/uploads\/2024\/10\/20230323_160857-scaled-e1732653998107-2048x1018.jpg 2048w\" sizes=\"auto, (max-width: 2333px) 100vw, 2333px\" \/><\/a><\/figure>\n\n\n\n<p class=\"has-text-align-center wp-container-content-5e2576f9\">Le 28 mars 2026<\/p>\n\n\n\n<p class=\"has-text-align-center wp-container-content-5e2576f9\">Le 3 octobre 2026<\/p>\n<\/div>\n\n\n\n<p><strong>Les principales dates de nos activit\u00e9s pour l&#8217;ann\u00e9e <mark style=\"background-color:rgba(0, 0, 0, 0)\" class=\"has-inline-color has-accent-3-color\">2026<\/mark><\/strong><\/p>\n\n\n\n<ul class=\"wp-block-list\">\n<li>16 janvier : <a href=\"https:\/\/meylan-cyclo.fr\/resources\/docs\/Licence 2026 CONVOCATION A.G. 2025 du 16 janvier 2026.pdf\" target=\"_blank\" rel=\"noreferrer noopener\">assembl\u00e9e g\u00e9n\u00e9rale<\/a> et galette des rois (GRANGE DES CAPUCINS 18, chemin des Villauds 38400 Meylan)<\/li>\n\n\n\n<li>28 mars : <a href=\"https:\/\/meylan-cyclo.fr\/index.php\/organisations-par-meylan-cyclo\/bourse-aux-velos\/\" data-type=\"page\" data-id=\"131\">Bourse aux v\u00e9los<\/a> Gymnase de la Revir\u00e9e<\/li>\n\n\n\n<li>2-9 mai : s\u00e9jour de printemps \u00e0 Samatan (Gers)<\/li>\n\n\n\n<li>29-31 mai : WE de 3 jours \u00e0 Beauri\u00e8res (Dr\u00f4me)<\/li>\n\n\n\n<li>12-19 septembre : s\u00e9jour d&#8217;automne \u00e0 Brassac (Tarn)<\/li>\n\n\n\n<li>3 octobre : <a href=\"https:\/\/meylan-cyclo.fr\/index.php\/organisations-par-meylan-cyclo\/randonnee-meylan-cyclo\/\" data-type=\"page\" data-id=\"121\">Randonn\u00e9e Meylan Chartreuse<\/a><\/li>\n\n\n\n<li>d\u00e9but novembre : notre sortie repas de fin de saison (la formule reste \u00e0 d\u00e9finir)<\/li>\n<\/ul>\n\n\n\n<p><\/p>\n","protected":false},"excerpt":{"rendered":"<p>Tout savoir sur notre club en consultant notre flyer et notre agenda Les derni\u00e8res nouvelles de la vie du club : Les deux \u00e9v\u00e8nements majeurs du club : Bourse-aux-v\u00e9los Randonn\u00e9e Meylan Chartreuse Le 28 mars 2026 Le 3 octobre 2026 Les principales dates de nos activit\u00e9s pour l&#8217;ann\u00e9e 2026<\/p>\n","protected":false},"author":1,"featured_media":1355,"parent":0,"menu_order":0,"comment_status":"closed","ping_status":"closed","template":"","meta":{"footnotes":""},"class_list":["post-40","page","type-page","status-publish","has-post-thumbnail","hentry"],"_links":{"self":[{"href":"https:\/\/meylan-cyclo.fr\/index.php\/wp-json\/wp\/v2\/pages\/40","targetHints":{"allow":["GET"]}}],"collection":[{"href":"https:\/\/meylan-cyclo.fr\/index.php\/wp-json\/wp\/v2\/pages"}],"about":[{"href":"https:\/\/meylan-cyclo.fr\/index.php\/wp-json\/wp\/v2\/types\/page"}],"author":[{"embeddable":true,"href":"https:\/\/meylan-cyclo.fr\/index.php\/wp-json\/wp\/v2\/users\/1"}],"replies":[{"embeddable":true,"href":"https:\/\/meylan-cyclo.fr\/index.php\/wp-json\/wp\/v2\/comments?post=40"}],"version-history":[{"count":121,"href":"https:\/\/meylan-cyclo.fr\/index.php\/wp-json\/wp\/v2\/pages\/40\/revisions"}],"predecessor-version":[{"id":1575,"href":"https:\/\/meylan-cyclo.fr\/index.php\/wp-json\/wp\/v2\/pages\/40\/revisions\/1575"}],"wp:featuredmedia":[{"embeddable":true,"href":"https:\/\/meylan-cyclo.fr\/index.php\/wp-json\/wp\/v2\/media\/1355"}],"wp:attachment":[{"href":"https:\/\/meylan-cyclo.fr\/index.php\/wp-json\/wp\/v2\/media?parent=40"}],"curies":[{"name":"wp","href":"https:\/\/api.w.org\/{rel}","templated":true}]}}

<figure class="wp-block-pullquote has-text-align-center has-background" style="background:radial-gradient(#B1C5A4 0%,#F9F9F9 100%);margin-top:0;margin-right:0;margin-bottom:0;margin-left:0;padding-top:0;padding-right:0;padding-bottom:0;padding-left:0"><blockquote><p>Tout savoir sur notre club <br>en consultant notre <a href="https://meylan-cyclo.fr/resources/docs/Flyer_pr%C3%A9sentation_du_club_VF1.pdf">flyer</a> et notre <a href="https://calendar.google.com/calendar/u/0/embed?src=commeylancyclo@gmail.com&amp;ctz=Europe/Paris&amp;mode=MONTH" data-type="link" data-id="https://calendar.google.com/calendar/u/0/embed?src=commeylancyclo@gmail.com&amp;ctz=Europe/Paris&amp;mode=MONTH" target="_blank" rel="noreferrer noopener">agenda </a></p></blockquote></figure>



<p><strong>Les dernières nouvelles de la vie du club</strong> :</p>


<ul class="wp-block-latest-posts__list is-grid columns-3 wp-block-latest-posts"><li><div class="wp-block-latest-posts__featured-image"><a href="https://meylan-cyclo.fr/index.php/2026/02/27/mc-dans-la-revue-meylan-ma-ville/" aria-label="MC dans la revue Meylan ma ville"><img loading="lazy" decoding="async" width="300" height="214" src="https://meylan-cyclo.fr/wp-content/uploads/2026/02/Article-MC-dans-journal-de-Meylan-mars-2026-300x214.jpg" class="attachment-medium size-medium wp-post-image" alt="" style="" srcset="https://meylan-cyclo.fr/wp-content/uploads/2026/02/Article-MC-dans-journal-de-Meylan-mars-2026-300x214.jpg 300w, https://meylan-cyclo.fr/wp-content/uploads/2026/02/Article-MC-dans-journal-de-Meylan-mars-2026-1024x729.jpg 1024w, https://meylan-cyclo.fr/wp-content/uploads/2026/02/Article-MC-dans-journal-de-Meylan-mars-2026-768x547.jpg 768w, https://meylan-cyclo.fr/wp-content/uploads/2026/02/Article-MC-dans-journal-de-Meylan-mars-2026.jpg 1308w" sizes="auto, (max-width: 300px) 100vw, 300px" /></a></div><a class="wp-block-latest-posts__post-title" href="https://meylan-cyclo.fr/index.php/2026/02/27/mc-dans-la-revue-meylan-ma-ville/">MC dans la revue Meylan ma ville</a></li>
<li><div class="wp-block-latest-posts__featured-image"><a href="https://meylan-cyclo.fr/index.php/2025/10/13/reussite-de-la-randonnee-meylan-chartreuse-2025/" aria-label="Réussite de la Randonnée Meylan Chartreuse 2025"><img loading="lazy" decoding="async" width="300" height="225" src="https://meylan-cyclo.fr/wp-content/uploads/2025/10/RMC-2025-repas-a-larrivee-20251004_133017-300x225.jpg" class="attachment-medium size-medium wp-post-image" alt="" style="" srcset="https://meylan-cyclo.fr/wp-content/uploads/2025/10/RMC-2025-repas-a-larrivee-20251004_133017-300x225.jpg 300w, https://meylan-cyclo.fr/wp-content/uploads/2025/10/RMC-2025-repas-a-larrivee-20251004_133017-1024x768.jpg 1024w, https://meylan-cyclo.fr/wp-content/uploads/2025/10/RMC-2025-repas-a-larrivee-20251004_133017-768x576.jpg 768w, https://meylan-cyclo.fr/wp-content/uploads/2025/10/RMC-2025-repas-a-larrivee-20251004_133017-1536x1152.jpg 1536w, https://meylan-cyclo.fr/wp-content/uploads/2025/10/RMC-2025-repas-a-larrivee-20251004_133017-2048x1536.jpg 2048w" sizes="auto, (max-width: 300px) 100vw, 300px" /></a></div><a class="wp-block-latest-posts__post-title" href="https://meylan-cyclo.fr/index.php/2025/10/13/reussite-de-la-randonnee-meylan-chartreuse-2025/">Réussite de la Randonnée Meylan Chartreuse 2025</a></li>
<li><div class="wp-block-latest-posts__featured-image"><a href="https://meylan-cyclo.fr/index.php/2025/04/10/sejour-en-perigord/" aria-label="Séjour de mai en Périgord à Combas"><img loading="lazy" decoding="async" width="300" height="169" src="https://meylan-cyclo.fr/wp-content/uploads/2025/04/Combas-village-de-gites-e1744297367485-300x169.jpg" class="attachment-medium size-medium wp-post-image" alt="" style="" srcset="https://meylan-cyclo.fr/wp-content/uploads/2025/04/Combas-village-de-gites-e1744297367485-300x169.jpg 300w, https://meylan-cyclo.fr/wp-content/uploads/2025/04/Combas-village-de-gites-e1744297367485-1024x577.jpg 1024w, https://meylan-cyclo.fr/wp-content/uploads/2025/04/Combas-village-de-gites-e1744297367485-768x433.jpg 768w, https://meylan-cyclo.fr/wp-content/uploads/2025/04/Combas-village-de-gites-e1744297367485.jpg 1200w" sizes="auto, (max-width: 300px) 100vw, 300px" /></a></div><a class="wp-block-latest-posts__post-title" href="https://meylan-cyclo.fr/index.php/2025/04/10/sejour-en-perigord/">Séjour de mai en Périgord à Combas</a></li>
</ul>


<p class="has-text-align-left"><strong>Les deux évènements majeurs du club :</strong></p>



<p></p>



<div class="wp-block-group is-layout-grid wp-container-core-group-is-layout-4564e253 wp-block-group-is-layout-grid" style="margin-top:0;margin-bottom:0;padding-top:0;padding-right:0;padding-bottom:0;padding-left:0">
<p class="has-text-align-center" style="border-width:1px"><strong><a href="https://meylan-cyclo.fr/index.php/organisations-par-meylan-cyclo/bourse-aux-velos/" data-type="page" data-id="131">Bourse-aux-vélos</a></strong></p>



<p class="has-text-align-center" style="border-width:1px"><strong><a href="https://meylan-cyclo.fr/index.php/organisations-par-meylan-cyclo/randonnee-meylan-cyclo/" data-type="page" data-id="121">Randonnée Meylan Chartreuse</a></strong></p>
</div>



<div class="wp-block-group is-layout-grid wp-container-core-group-is-layout-ac9b42e7 wp-block-group-is-layout-grid">
<figure class="wp-block-image size-large alignnone is-style-rounded wp-container-content-5e2576f9 is-style-rounded--1"><a href="https://meylan-cyclo.fr/index.php/organisations-par-meylan-cyclo/bourse-aux-velos/"><img loading="lazy" decoding="async" width="1024" height="576" src="https://meylan-cyclo.fr/wp-content/uploads/2025/04/Bourse_Velos_2025_Photo_341_velos-1024x576.jpg" alt="" class="wp-image-1221" style="aspect-ratio:16/9;object-fit:cover" srcset="https://meylan-cyclo.fr/wp-content/uploads/2025/04/Bourse_Velos_2025_Photo_341_velos-1024x576.jpg 1024w, https://meylan-cyclo.fr/wp-content/uploads/2025/04/Bourse_Velos_2025_Photo_341_velos-300x169.jpg 300w, https://meylan-cyclo.fr/wp-content/uploads/2025/04/Bourse_Velos_2025_Photo_341_velos-768x432.jpg 768w, https://meylan-cyclo.fr/wp-content/uploads/2025/04/Bourse_Velos_2025_Photo_341_velos-1536x864.jpg 1536w, https://meylan-cyclo.fr/wp-content/uploads/2025/04/Bourse_Velos_2025_Photo_341_velos-2048x1152.jpg 2048w" sizes="auto, (max-width: 1024px) 100vw, 1024px" /></a></figure>



<figure class="wp-block-image is-style-rounded is-style-rounded--2"><a href="https://meylan-cyclo.fr/index.php/organisations-par-meylan-cyclo/randonnee-meylan-cyclo/"><img loading="lazy" decoding="async" width="2333" height="1160" src="https://meylan-cyclo.fr/wp-content/uploads/2024/10/20230323_160857-scaled-e1732653998107.jpg" alt="" class="wp-image-86" style="aspect-ratio:16/9;object-fit:cover" srcset="https://meylan-cyclo.fr/wp-content/uploads/2024/10/20230323_160857-scaled-e1732653998107.jpg 2333w, https://meylan-cyclo.fr/wp-content/uploads/2024/10/20230323_160857-scaled-e1732653998107-300x149.jpg 300w, https://meylan-cyclo.fr/wp-content/uploads/2024/10/20230323_160857-scaled-e1732653998107-1024x509.jpg 1024w, https://meylan-cyclo.fr/wp-content/uploads/2024/10/20230323_160857-scaled-e1732653998107-768x382.jpg 768w, https://meylan-cyclo.fr/wp-content/uploads/2024/10/20230323_160857-scaled-e1732653998107-1536x764.jpg 1536w, https://meylan-cyclo.fr/wp-content/uploads/2024/10/20230323_160857-scaled-e1732653998107-2048x1018.jpg 2048w" sizes="auto, (max-width: 2333px) 100vw, 2333px" /></a></figure>



<p class="has-text-align-center wp-container-content-5e2576f9">Le 28 mars 2026</p>



<p class="has-text-align-center wp-container-content-5e2576f9">Le 3 octobre 2026</p>
</div>



<p><strong>Les principales dates de nos activités pour l&#8217;année <mark style="background-color:rgba(0, 0, 0, 0)" class="has-inline-color has-accent-3-color">2026</mark></strong></p>



<ul class="wp-block-list">
<li>16 janvier : <a href="https://meylan-cyclo.fr/resources/docs/Licence 2026 CONVOCATION A.G. 2025 du 16 janvier 2026.pdf" target="_blank" rel="noreferrer noopener">assemblée générale</a> et galette des rois (GRANGE DES CAPUCINS 18, chemin des Villauds 38400 Meylan)</li>



<li>28 mars : <a href="https://meylan-cyclo.fr/index.php/organisations-par-meylan-cyclo/bourse-aux-velos/" data-type="page" data-id="131">Bourse aux vélos</a> Gymnase de la Revirée</li>



<li>2-9 mai : séjour de printemps à Samatan (Gers)</li>



<li>29-31 mai : WE de 3 jours à Beaurières (Drôme)</li>



<li>12-19 septembre : séjour d&#8217;automne à Brassac (Tarn)</li>



<li>3 octobre : <a href="https://meylan-cyclo.fr/index.php/organisations-par-meylan-cyclo/randonnee-meylan-cyclo/" data-type="page" data-id="121">Randonnée Meylan Chartreuse</a></li>



<li>début novembre : notre sortie repas de fin de saison (la formule reste à définir)</li>
</ul>



<p></p>

<p>Tout savoir sur notre club en consultant notre flyer et notre agenda Les dernières nouvelles de la vie du club : Les deux évènements majeurs du club : Bourse-aux-vélos Randonnée Meylan Chartreuse Le 28 mars 2026 Le 3 octobre 2026 Les principales dates de nos activités pour l&#8217;année 2026</p>
