{"id":121,"date":"2024-11-21T09:47:25","date_gmt":"2024-11-21T08:47:25","guid":{"rendered":"https:\/\/meylan-cyclo.fr\/?page_id=121"},"modified":"2026-01-15T12:42:39","modified_gmt":"2026-01-15T11:42:39","slug":"randonnee-meylan-cyclo","status":"publish","type":"page","link":"https:\/\/meylan-cyclo.fr\/index.php\/evenements\/randonnee-meylan-cyclo\/","title":{"rendered":"Randonn\u00e9e Meylan Chartreuse"},"content":{"rendered":"\n<p class=\"has-text-align-center has-accent-4-background-color has-background has-large-font-size\">En 2026 ce sera le 3 octobre<\/p>\n\n\n\n<p><strong>Le lieu du d\u00e9part et le parking<\/strong><\/p>\n\n\n\n<p class=\"has-text-align-left\">4 parcours route au d\u00e9part du <a href=\"https:\/\/www.google.com\/maps\/place\/Gymnase+Revir%C3%A9e\/@45.2083813,5.7645457,16z\/data=!3m1!4b1!4m6!3m5!1s0x478af595549fad4f:0xde4f65298cfa737!8m2!3d45.2083775!4d5.7671206!16s%2Fg%2F1hm4c0y42?authuser=0&amp;entry=ttu&amp;g_ep=EgoyMDI1MDgyNS4wIKXMDSoASAFQAw%3D%3D\" target=\"_blank\" rel=\"noreferrer noopener\">gymnase de la Revir\u00e9e<\/a> 44 chemin de la Revir\u00e9e 38240 Meylan<\/p>\n\n\n\n<p>Vous pourrez vous garer sur le <a href=\"https:\/\/maps.app.goo.gl\/xRbScnT74kitdSpE8\">parking de la Soci\u00e9t\u00e9 G\u00e9n\u00e9rale<\/a> accessible au 2 rue des Aiguinards, 38240 Meylan. La Soci\u00e9t\u00e9 G\u00e9n\u00e9rale et Meylan Cyclo d\u00e9clinent toute responsabilit\u00e9 en cas de vol, incendie ou tout autre incident.<\/p>\n\n\n\n<p><strong>Les horaires, les tarifs et le contact<\/strong><\/p>\n\n\n\n<p><em>Horaires<\/em>&nbsp;: Accueil de 8h00 \u00e0 10h00 \u2013 Cl\u00f4ture&nbsp;\u00e0 17h00<\/p>\n\n\n\n<div class=\"wp-block-columns is-layout-flex wp-container-core-columns-is-layout-28f84493 wp-block-columns-is-layout-flex\">\n<div class=\"wp-block-column is-layout-flow wp-block-column-is-layout-flow\" style=\"flex-basis:100%\">\n<pre class=\"wp-block-preformatted has-body-font-family\"><em>Tarifs<\/em> : FFCT 8\u20ac    Non licenci\u00e9 11\u20ac     Moins de 18 ans gratuit<\/pre>\n<\/div>\n<\/div>\n\n\n\n<p><em>Contact<\/em>&nbsp;: pour information et envoi des listes par les clubs participants<\/p>\n\n\n\n<p class=\"has-text-align-center\">06 37 46 80 65        <a href=\"mailto:Roger.cerantola@aliceadsl.fr\" target=\"_blank\" rel=\"noreferrer noopener\">Roger.cerantola@aliceadsl.fr<\/a><\/p>\n\n\n\n<p><strong>Les parcours<\/strong><\/p>\n\n\n\n<div class=\"wp-block-media-text is-stacked-on-mobile\" style=\"grid-template-columns:85% auto\"><figure class=\"wp-block-media-text__media\"><a href=\"https:\/\/meylan-cyclo.fr\/wp-content\/uploads\/2025\/09\/RMC-carte-simplifiee.jpg\"><img loading=\"lazy\" decoding=\"async\" width=\"1024\" height=\"593\" src=\"https:\/\/meylan-cyclo.fr\/wp-content\/uploads\/2025\/09\/RMC-carte-simplifiee-1024x593.jpg\" alt=\"\" class=\"wp-image-1465 size-full\" srcset=\"https:\/\/meylan-cyclo.fr\/wp-content\/uploads\/2025\/09\/RMC-carte-simplifiee-1024x593.jpg 1024w, https:\/\/meylan-cyclo.fr\/wp-content\/uploads\/2025\/09\/RMC-carte-simplifiee-300x174.jpg 300w, https:\/\/meylan-cyclo.fr\/wp-content\/uploads\/2025\/09\/RMC-carte-simplifiee-768x445.jpg 768w, https:\/\/meylan-cyclo.fr\/wp-content\/uploads\/2025\/09\/RMC-carte-simplifiee-1536x890.jpg 1536w, https:\/\/meylan-cyclo.fr\/wp-content\/uploads\/2025\/09\/RMC-carte-simplifiee.jpg 1584w\" sizes=\"auto, (max-width: 1024px) 100vw, 1024px\" \/><\/a><\/figure><div class=\"wp-block-media-text__content\">\n<p class=\"has-accent-3-color has-text-color has-link-color wp-elements-504b538082dcab86f68caeab31e6f1a1\"><a href=\"https:\/\/meylan-cyclo.fr\/index.php\/organisations-par-meylan-cyclo\/randonnee-meylan-cyclo\/parcours-50-km\/\" data-type=\"page\" data-id=\"134\">50 km<\/a><\/p>\n\n\n\n<p><a href=\"https:\/\/meylan-cyclo.fr\/index.php\/organisations-par-meylan-cyclo\/randonnee-meylan-cyclo\/parcours-60-km\/\" data-type=\"page\" data-id=\"138\">60km<\/a> <\/p>\n\n\n\n<p><a href=\"https:\/\/meylan-cyclo.fr\/index.php\/organisations-par-meylan-cyclo\/randonnee-meylan-cyclo\/parcours-80-km\/\" data-type=\"page\" data-id=\"141\">80km<\/a><\/p>\n\n\n\n<p class=\"has-accent-4-color has-text-color has-link-color wp-elements-b6d77c87ca99bbdc221a61001078a3d0\"><a href=\"https:\/\/meylan-cyclo.fr\/index.php\/organisations-par-meylan-cyclo\/randonnee-meylan-cyclo\/parcours-100-km\/\" data-type=\"page\" data-id=\"144\">100km<\/a> <\/p>\n<\/div><\/div>\n\n\n\n<p>Deux parcours restent dans la plaine du Gr\u00e9sivaudan, sans gros d\u00e9nivel\u00e9:<\/p>\n\n\n\n<ul class=\"wp-block-list\">\n<li>Le <a href=\"https:\/\/meylan-cyclo.fr\/index.php\/organisations-par-meylan-cyclo\/randonnee-meylan-cyclo\/parcours-50-km\/\" data-type=\"page\" data-id=\"134\">50 km<\/a> \/ 400m est un aller-retour jusqu&#8217;\u00e0 la Terrasse pour ceux qui roulent en famille.<\/li>\n\n\n\n<li>le <a href=\"https:\/\/meylan-cyclo.fr\/index.php\/organisations-par-meylan-cyclo\/randonnee-meylan-cyclo\/parcours-80-km\/\" data-type=\"page\" data-id=\"141\">80km<\/a> \/ 600m apr\u00e8s la Terrasse fait une boucle jusqu&#8217;\u00e0 la Flach\u00e8re et Barraux pour revenir \u00e0 la Terrasse et ensuite rejoindre Meylan par un parcours commun avec le 50km<\/li>\n<\/ul>\n\n\n\n<p>Les 2 autres d\u00e9marrent dans la vall\u00e9e pour rejoindre les balcons de Chartreuse par des ascensions difficiles du plateau des Petites Roches:<\/p>\n\n\n\n<ul class=\"wp-block-list\">\n<li>le <a href=\"https:\/\/meylan-cyclo.fr\/index.php\/organisations-par-meylan-cyclo\/randonnee-meylan-cyclo\/parcours-60-km\/\" data-type=\"page\" data-id=\"138\">60km<\/a> \/ 1000m acc\u00e8de directement depuis la Terrasse sur le plateau des Petites Roches \u00e0 St Bernard du Touvet<\/li>\n\n\n\n<li>le <a href=\"https:\/\/meylan-cyclo.fr\/index.php\/organisations-par-meylan-cyclo\/randonnee-meylan-cyclo\/parcours-100-km\/\" data-type=\"page\" data-id=\"144\">100km<\/a> \/ 1700m continue dans la vall\u00e9e jusqu&#8217;au lac St Andr\u00e9 puis serpente dans les vignes des Marches pour atteindre Sainte Marie du Mont et rejoindre le col de Marcieu<\/li>\n<\/ul>\n\n\n\n<p><\/p>\n\n\n\n<div class=\"wp-block-media-text is-stacked-on-mobile\" style=\"grid-template-columns:15% auto\"><figure class=\"wp-block-media-text__media\"><img loading=\"lazy\" decoding=\"async\" width=\"204\" height=\"358\" src=\"https:\/\/meylan-cyclo.fr\/wp-content\/uploads\/2024\/11\/Fleche-RMC.jpg\" alt=\"\" class=\"wp-image-258 size-full\" srcset=\"https:\/\/meylan-cyclo.fr\/wp-content\/uploads\/2024\/11\/Fleche-RMC.jpg 204w, https:\/\/meylan-cyclo.fr\/wp-content\/uploads\/2024\/11\/Fleche-RMC-171x300.jpg 171w\" sizes=\"auto, (max-width: 204px) 100vw, 204px\" \/><\/figure><div class=\"wp-block-media-text__content\">\n<p>la fl\u00e8che utilis\u00e9e pour le trac\u00e9 des parcours en peinture fluo<\/p>\n\n\n\n<figure class=\"wp-block-image size-full\"><img loading=\"lazy\" decoding=\"async\" width=\"240\" height=\"148\" src=\"https:\/\/meylan-cyclo.fr\/wp-content\/uploads\/2025\/03\/Logo-Meylan-Cyclo-Anime-1.gif\" alt=\"\" class=\"wp-image-1202\"\/><\/figure>\n<\/div><\/div>\n","protected":false},"excerpt":{"rendered":"<p>En 2026 ce sera le 3 octobre Le lieu du d\u00e9part et le parking 4 parcours route au d\u00e9part du gymnase de la Revir\u00e9e 44 chemin de la Revir\u00e9e 38240 Meylan Vous pourrez vous garer sur le parking de la Soci\u00e9t\u00e9 G\u00e9n\u00e9rale accessible au 2 rue des Aiguinards, 38240 Meylan. La Soci\u00e9t\u00e9 G\u00e9n\u00e9rale et Meylan [&hellip;]<\/p>\n","protected":false},"author":1,"featured_media":268,"parent":124,"menu_order":0,"comment_status":"closed","ping_status":"closed","template":"","meta":{"footnotes":""},"class_list":["post-121","page","type-page","status-publish","has-post-thumbnail","hentry"],"_links":{"self":[{"href":"https:\/\/meylan-cyclo.fr\/index.php\/wp-json\/wp\/v2\/pages\/121","targetHints":{"allow":["GET"]}}],"collection":[{"href":"https:\/\/meylan-cyclo.fr\/index.php\/wp-json\/wp\/v2\/pages"}],"about":[{"href":"https:\/\/meylan-cyclo.fr\/index.php\/wp-json\/wp\/v2\/types\/page"}],"author":[{"embeddable":true,"href":"https:\/\/meylan-cyclo.fr\/index.php\/wp-json\/wp\/v2\/users\/1"}],"replies":[{"embeddable":true,"href":"https:\/\/meylan-cyclo.fr\/index.php\/wp-json\/wp\/v2\/comments?post=121"}],"version-history":[{"count":34,"href":"https:\/\/meylan-cyclo.fr\/index.php\/wp-json\/wp\/v2\/pages\/121\/revisions"}],"predecessor-version":[{"id":1548,"href":"https:\/\/meylan-cyclo.fr\/index.php\/wp-json\/wp\/v2\/pages\/121\/revisions\/1548"}],"up":[{"embeddable":true,"href":"https:\/\/meylan-cyclo.fr\/index.php\/wp-json\/wp\/v2\/pages\/124"}],"wp:featuredmedia":[{"embeddable":true,"href":"https:\/\/meylan-cyclo.fr\/index.php\/wp-json\/wp\/v2\/media\/268"}],"wp:attachment":[{"href":"https:\/\/meylan-cyclo.fr\/index.php\/wp-json\/wp\/v2\/media?parent=121"}],"curies":[{"name":"wp","href":"https:\/\/api.w.org\/{rel}","templated":true}]}}